rivative of s**4/4 + s**3/6 - s**2 + 3*s. Let n be 3 - (-1 + 3 + -1). Let x(y) = -2*y**2 + 2*y + 2. Let z be x(n). Calculate a(z).
8
Suppose 29 + 43 = 3*u. Suppose -5*q = -8*q + u. Let g(d) = -13*d**2 - d**3 - 4*d + 15*d**2 + 6 - q*d**2. What is g(-5)?
1
Suppose -4*d = 5*y, -d = 2*y + 2*y. Let h(j) be the third derivative of 5*j**2 - 1/8*j**4 + 1/2*j**3 + y + 0*j. Calculate h(4).
-9
Let x(n) = -3*n - 21. Let j be x(-7). Let g(p) = p**2 - p - 15. What is g(j)?
-15
Let i(d) = d**3 - 8*d**2 + 11*d - 4. Suppose -6*p + 16 = 2*z - 4*p, -4*z + 2*p + 26 = 0. What is i(z)?
24
Let r(v) = -v**2 + 5*v + 7. Let t(u) = u**3 + 15*u**2 + 13*u - 8. Let d be t(-14). Determine r(d).
1
Let w(o) be the first derivative of -o**4/4 - 8*o**3/3 + 5*o**2 + 11*o + 1. Let z = -9527 - -9518. Calculate w(z).
2
Let m(l) = l**2 - 5*l + 4. Let t(a) = -a + 1. Suppose -10 = 4*d - 14. Let b(u) = d*m(u) + 2*t(u). What is b(4)?
-6
Let g(a) = -2*a - 2. Let j = -50 + 18. Let f = j + 29. Let y be (f/(-9))/((-1)/12). What is g(y)?
6
Suppose 4*v = 4*f + 4, -8*v = -3*v - 2*f - 5. Let d(k) = -3*k**2 - 6508*k + 12*k**2 - k**3 + 6507*k - v. Give d(9).
-10
Let p(n) = 2*n**2 - 4*n + 3*n**2 - 6*n**2 - n**3 - 2*n**2 - 2*n**2 + 2. Calculate p(-4).
2
Let g(p) = -2*p**3 + p**2 - 3*p + 3. Suppose -i + 4*j = -3*i + 4, 5*j = -3*i + 6. Determine g(i).
-15
Let h(j) = j + 4. Suppose -20*i = -15*i - 5. Let g be (-7)/((-7)/2) + -7*i. Calculate h(g).
-1
Let o(k) = 3*k + 7. Let j(b) be the second derivative of -b**3/6 - 3*b**2/2 - 12*b. Let x(g) = -11*j(g) - 4*o(g). Give x(0).
5
Let g(f) = 2*f - 9. Let p(d) = -d**3 - d**2 + 6*d + 9. Suppose 4*c - 4*v = 8, -16*v = 5*c - 14*v + 4. Let y be p(c). Determine g(y).
9
Let a(f) = f + 1. Let r(m) = -m - 1. Let y(c) = 6*a(c) + 5*r(c). Suppose 17*k - 9*k - 24 = 0. Suppose 0 = -2*t + k*x + 9, 3 - 10 = -4*t - 5*x. Calculate y(t).
4
Let s(m) = -40*m**3 + 3*m**2 - 7*m + 8. Let w(j) = -27*j**3 + 4*j**2 - 7*j + 7. Let h(b) = 2*s(b) - 3*w(b). Let q = 4 + 1. What is h(q)?
5
Let d = -12 + 38. Let a be 3*d/21 + 14/49. Let o(c) = 2 - 4 + c + c. Determine o(a).
6
Suppose -9*k + 27 + 18 = 0. Let p(u) = 2*u - 2*u + u. Determine p(k).
5
Let h(v) = -v + 18 - 15 + 2*v. Calculate h(-6).
-3
Let b(u) be the third derivative of u**4/24 - 8*u**3/3 - 105*u**2. Calculate b(0).
-16
Suppose -g - 6 = 5*p, -2*g + 14 = -3*g + 3*p. Let i(c) = c**2 + 10*c + 8. Determine i(g).
19
Let v(k) = 2 - 2*k - 5*k - 176*k**3 + 83*k**3 - 7*k**2 + 92*k**3. Give v(-5).
-13
Suppose 0 = 4*c - 34 - 34. Let q = c + -13. Suppose -3*k + 4*h = k - q, -3*k = -4*h - 6. Let x(d) = 3*d + 3. Determine x(k).
-3
Let a(x) be the third derivative of -x**6/120 - 2*x**5/15 - 5*x**4/24 - x**3/6 + 73*x**2 - 1. Determine a(-4).
-45
Let y(w) = 13*w + 0*w + 9*w - 4*w - 2*w. Determine y(-1).
-16
Let l(b) = -b + 1. Let c(t) = 2*t - 1. Let p(o) = 3*c(o) + 4*l(o). Suppose -5*w - 16 = 2*z - 0*z, -2*z - w = 0. Let g be (-2)/((-7)/(35/z)). What is p(g)?
11
Let v(n) = 19*n**2 + 12*n + 1. Let j(q) = -56*q**2 - 34*q - 3. Let r(f) = 6*j(f) + 17*v(f). Let d = -2 - -2. Suppose 4*x + 2 + 2 = d. Determine r(x).
-14
Let i(c) = -c + 2. Suppose 3 = 5*r - 8*r. Calculate i(r).
3
Let r(f) = f**3 + 3*f**2 + 5*f + 3. Let y(i) = 0*i - 8*i + 17 + 4*i. Let j be y(5). Determine r(j).
-12
Let i(y) = 18*y**2 - y - 1. Let o be -20 + 13 + -1 + 7. Determine i(o).
18
Let u(l) = -5*l**3 + 10*l**2 + 3*l - 4. Let x(p) = -4*p**3 + 9*p**2 + 4*p - 4. Let f(y) = 3*u(y) - 4*x(y). Suppose 112 = 2*z + 14*z. What is f(z)?
4
Let r(f) be the third derivative of 13*f**4/8 - f**3/6 + 2*f**2 + 665*f. Calculate r(-1).
-40
Let y(q) be the third derivative of 5*q**4/24 + 4*q**3/3 + 13*q**2 - 12*q. Calculate y(-1).
3
Let u(o) = -4*o + 4. Let m(t) = -5*t + 5. Let h(l) = 5*m(l) - 6*u(l). Let q be h(-2). Let j(p) = 0*p + 12*p - p**2 - 7*p - 6*p + 2 + 2. What is j(q)?
-8
Let z(y) = -3*y**2 - 2*y + 3. Let d(o) = -o**2 - o. Let r(k) = -5*d(k) + z(k). Give r(4).
47
Let a(f) = -38 - 4*f + f**3 + 20 - 4*f**2 + 15. What is a(5)?
2
Let x(u) = 25*u - 97. Let h be x(4). Let z(y) = -y**3 + y**2 + 3*y - 1. Determine z(h).
-10
Suppose 10*h - 17 = 13. Let b(w) = -w**2 - 10*w - 11. Let d be b(-8). Let u(c) = 2*c - d*c - h*c + 1. Give u(2).
-11
Let x = 156 + -150. Let z(t) = -t**3 + 5*t**2 + 3*t + 8. Determine z(x).
-10
Let u(v) = -3*v**2 + v + 1. Let y(r) = r**3 - 29*r**2 + 14*r + 13. Let n(d) = 7*u(d) - y(d). Calculate n(6).
24
Let s(x) = 2*x - 3 + 2*x + x + x**2. Let k(i) = -3*i - 17. Suppose 2*l = -l + 3*a + 3, l = 3*a + 11. Let u be k(l). Give s(u).
-3
Let m(i) = i**3 - 4*i**2 - i + 4. Suppose 150*t - 33 = 139*t. Calculate m(t).
-8
Let v(s) be the third derivative of s**4/24 - s**3/6 - 5*s**2. Let y(o) = 2*o - 6. Let n(w) = 4*v(w) - y(w). Calculate n(6).
14
Let l = -10 + -32. Let y = l - -38. Let c(z) = -z**2 + 1. Give c(y).
-15
Let h(g) be the second derivative of -g**4/12 - 7*g**3/6 + 5*g**2/2 - 10*g + 4. Give h(-8).
-3
Let n(q) = q**2 - 2*q - 3. Let x be n(4). Suppose x*s = 2*s + 12. Let w(k) = 0*k**2 - 2*k - 2*k + k**2 + 5. What is w(s)?
5
Suppose 25*q + 110 = 24*q. Let z = q - -104. Let x(i) = -i**3 - 5*i**2 + 5*i + 8. Calculate x(z).
14
Let h(s) be the second derivative of s**5/20 - 3*s**4/4 - 5*s**3/3 + 3*s**2 + 23*s. Determine h(10).
6
Let g(q) = -q - 7. Suppose 0 = -3*t + 151 + 29. Let s = t + -54. Determine g(s).
-13
Let a = -12 + 18. Suppose 3*v + z - 20 = 0, 13 - 69 = -5*v + 4*z. Let o(p) = -8 - p**3 + v - 6*p + 7*p**2. Calculate o(a).
0
Let i(n) = n**2 + 1. Let j(a) = -7*a. Let b(r) = -9*r. Let d(o) = 4*b(o) - 5*j(o). Let z(u) = 5*d(u) + i(u). Suppose -t - 4*t = -20. Calculate z(t).
-3
Let m be -4*(2 + (-44)/16). Suppose 0 = -t - m*v, t + 0*v - v = 12. Suppose 3*y + 0*f + t = -2*f, 4*y + 4*f + 12 = 0. Let o(s) = 5*s + 1. Give o(y).
-14
Let n(a) = -a**3 + 13*a**2 - 1 - 4*a - 5*a**2 - 5*a**2 - 7*a**2 - 2*a**2. Give n(-4).
-17
Let q(a) = -2*a**2 - 2*a + 1. Let o be 13/(-39) + 110/6. Suppose 0 = 22*b - o*b + 12. Determine q(b).
-11
Let v = -64 + 64. Let l(s) be the second derivative of -1/20*s**5 - 5/6*s**3 + s - s**2 + v - 5/12*s**4. Determine l(-3).
-5
Suppose -2*i = -4*z - 36, -5*i - 2*z + 59 = -7. Let r(u) = u - 22. Give r(i).
-8
Let c(o) = -2*o**2 + 17*o - 27. Let y be c(3). Let f(d) = d - 4. Give f(y).
2
Let g(f) = 66*f**2 - 7 - 5*f - 2*f - 67*f**2. Let j be ((-2)/6)/(1/(-6)). Suppose -2*l - 6 = -4*b, 10 = -3*l - j*b + 7*b. Give g(l).
3
Suppose -52 = -5*g - 52. Let x(y) = y**2 - y + 3. What is x(g)?
3
Let m(w) = 3*w - 26. Let b be m(8). Let n be (-552)/68 + b/(-17). Let s(a) = 3*a + 8. What is s(n)?
-16
Suppose 2*h - 42 = -0*h + 4*t, 0 = -4*h + 2*t + 72. Let p(g) = -g**3 + 18*g**2 - 18*g + 14. Let y be p(h). Let r(c) = -c**3 - 4*c**2 - c - 3. Calculate r(y).
-9
Let i(k) = -1 - 14*k + 1. Suppose 39*g - 16 = 35*g. Suppose -g*q - 189 = -193. Give i(q).
-14
Let x(k) be the third derivative of k**6/120 + k**5/20 - k**2. Let y be (1 + -3)*(-72)/12. Suppose 0 = -u + y - 14. Calculate x(u).
4
Suppose d - 6*d + 10 = 0. Suppose 0 = 2*n - n - d. Let w(a) = -n*a**2 - 3*a**3 + 7*a**2 + 4*a**3 - 1 + 4 + 4*a. Give w(-4).
3
Let w = 517 + -523. Let v(z) = -z**2 - 5*z + 11. Calculate v(w).
5
Let w(i) be the first derivative of 25 - i - 5/4*i**4 + 1/3*i**3 + 0*i**2. What is w(-1)?
5
Let o(x) be the first derivative of 1/2*x**2 - x + 6. Give o(7).
6
Let k(d) = 35*d + 3. Let i be k(2). Let z = i - 71. Let w(m) = 2*m**3 - 2*m**2 - 2*m + 1. Calculate w(z).
5
Let u be ((-10)/65 - (-8)/52)*1. Let k(l) = l**2 + l + 15. Give k(u).
15
Let c(q) = 46*q - 47. Let t(f) = -33*f + 31. Let s(v) = -5*c(v) - 7*t(v). Give s(-7).
11
Let n(f) = -f + 8. Suppose -48 = 17*t - 20*t. Let u be n(t). Let g(k) = -k**2 - 7*k + 4. Give g(u).
-4
Let n(g) be the second derivative of g**3/6 - 5*g**2/2 + g. What is n(0)?
-5
Let i(u) = u**2. Let j be (0 + -1 + -3)*-1. Suppose -j*c + 5 = -7. Determine i(c).
9
Let z = -10 + 5. Let r(u) = -6*u**2 - 2*u. Let g(b) = -7*b**2 - b + 1. Let x(o) = -5*g(o) + 6*r(o). Calculate x(z).
5
Let v(c) = -6*c + 1. Let j(r) = r**3 + 8*r**2 + 9*r - 3. Let m be j(-7). Let o = 19 + m. Calculate v(o).
-11
Let c(f) = -8*f**2 + 2*f**2 - 17*f + 4*f**2 + 32*f + 20. What is c(9)?
-7
Let a be 3 + (-7 + 2)*(-2)/5. Let v(t) = t**2 - 4*t - 10. Give v(a).
-5
Let z(f) = -2*f + 6. Suppose -p = 4*b + 6, -8*p = -4*p + 2*b